{"id":829,"date":"2015-10-28T05:29:54","date_gmt":"2015-10-28T05:29:54","guid":{"rendered":"http:\/\/bitpublimedia.ro\/themeforest\/quantum-wp\/?page_id=14"},"modified":"2023-10-23T07:07:40","modified_gmt":"2023-10-23T07:07:40","slug":"smd-polaganje","status":"publish","type":"page","link":"https:\/\/proplace.si\/index.php\/sl\/smd-polaganje\/","title":{"rendered":"SMD polaganje"},"content":{"rendered":"<p>[vc_row][vc_column width=&#8221;1\/3&#8243;][vc_column_text]<\/p>\n<h3>V proizvodnji imamo dve liniji. Sestavljajo ju stroji Europlacer za polaganje elektronskih komponent in pe\u010di Ersa, ki delujejo v du\u0161ikovi atmosferi.<\/h3>\n<p>[\/vc_column_text][\/vc_column][vc_column width=&#8221;1\/3&#8243;][vc_column_text]V na\u0161em podjetju se zavedamo, da ve\u010dina napak v proizvodnji elektronike izhaja iz napa\u010dnega nanosa spajkalne paste, zato sta obe serijski liniji opremljeni s sodobnim strojem SPI (&#8220;solder paste inspection&#8221;), ki preveri nanos paste na vsaki tiskanini.[\/vc_column_text][\/vc_column][vc_column width=&#8221;1\/3&#8243;][vc_column_text]Kapacitete polaganja SMD lahko dose\u017eejo<\/p>\n<h3><\/h3>\n<p>[\/vc_column_text]<div class=\"fixed  \" data-direction=\"right\"><div class=\"progress-bar-description \">do 2,4 mio<span class=\"percent\" style=\"left:100%\">100%<\/span><\/div><div class=\"progress-bar \" style=\"background-color:#D7D7D7\"><span class=\"progress-bar-outer\" data-width=\"100\" style=\"background-color:#00a5a0\"><span class=\"progress-bar-inner\"><\/span><\/span><\/div><!-- end .progress-bar --><\/div>[vc_column_text]polo\u017eenih komponent na dan, kar nam omogo\u010da optimalno proizvodnjo serijskih naro\u010dil.[\/vc_column_text][\/vc_column][\/vc_row][vc_row][vc_column][vc_empty_space][\/vc_column][\/vc_row][vc_row full_width=&#8221;stretch_row_content_no_spaces&#8221; parallax=&#8221;content-moving&#8221; parallax_image=&#8221;1272&#8243;][vc_column][vc_empty_space height=&#8221;260px&#8221;][\/vc_column][\/vc_row][vc_row][vc_column][vc_empty_space][\/vc_column][\/vc_row][vc_row][vc_column width=&#8221;2\/3&#8243;][\/vc_column][\/vc_row]<\/p>\n","protected":false},"excerpt":{"rendered":"<p>[vc_row][vc_column width=&#8221;1\/3&#8243;][vc_column_text] V proizvodnji imamo dve liniji. Sestavljajo ju stroji Europlacer za polaganje elektronskih komponent in pe\u010di Ersa, ki delujejo v du\u0161ikovi atmosferi. [\/vc_column_text][\/vc_column][vc_column width=&#8221;1\/3&#8243;][vc_column_text]V na\u0161em podjetju se zavedamo, da ve\u010dina napak v proizvodnji elektronike izhaja iz napa\u010dnega nanosa spajkalne paste, zato sta obe serijski liniji opremljeni s sodobnim strojem SPI (&#8220;solder paste inspection&#8221;), ki [&hellip;]<\/p>\n","protected":false},"author":1,"featured_media":0,"parent":0,"menu_order":0,"comment_status":"closed","ping_status":"closed","template":"","meta":{"footnotes":""},"class_list":["post-829","page","type-page","status-publish","hentry"],"_links":{"self":[{"href":"https:\/\/proplace.si\/index.php\/wp-json\/wp\/v2\/pages\/829"}],"collection":[{"href":"https:\/\/proplace.si\/index.php\/wp-json\/wp\/v2\/pages"}],"about":[{"href":"https:\/\/proplace.si\/index.php\/wp-json\/wp\/v2\/types\/page"}],"author":[{"embeddable":true,"href":"https:\/\/proplace.si\/index.php\/wp-json\/wp\/v2\/users\/1"}],"replies":[{"embeddable":true,"href":"https:\/\/proplace.si\/index.php\/wp-json\/wp\/v2\/comments?post=829"}],"version-history":[{"count":35,"href":"https:\/\/proplace.si\/index.php\/wp-json\/wp\/v2\/pages\/829\/revisions"}],"predecessor-version":[{"id":2382,"href":"https:\/\/proplace.si\/index.php\/wp-json\/wp\/v2\/pages\/829\/revisions\/2382"}],"wp:attachment":[{"href":"https:\/\/proplace.si\/index.php\/wp-json\/wp\/v2\/media?parent=829"}],"curies":[{"name":"wp","href":"https:\/\/api.w.org\/{rel}","templated":true}]}}