{"id":1716,"date":"2016-08-03T10:01:04","date_gmt":"2016-08-03T10:01:04","guid":{"rendered":"http:\/\/proplace.si\/?page_id=1716"},"modified":"2019-07-14T09:21:50","modified_gmt":"2019-07-14T09:21:50","slug":"missione-e-visione","status":"publish","type":"page","link":"https:\/\/proplace.si\/index.php\/it\/missione-e-visione\/","title":{"rendered":"Missione e visione"},"content":{"rendered":"<p>[vc_row css=&#8221;.vc_custom_1446116228380{margin-bottom: 70px !important;}&#8221;][vc_column width=&#8221;1\/2&#8243;]<div class=\"headline \"><h3>Missione<\/h3><\/div>[vc_column_text]Offrire una soluzione completa e di qualit\u00e0 nel campo dell&#8217;elettronica per soddisfare le esigenze e le aspettative dei partner commerciali e nella creazione, e rafforzare relazioni di partnership a lungo termine.[\/vc_column_text][\/vc_column][vc_column width=&#8221;1\/2&#8243;]<div class=\"headline \"><h3>Visione<\/h3><\/div>[vc_column_text]Diventare una delle aziende leader in Slovenia e nei paesi limitrofi che offrono soluzioni complete dalla sviluppo e produzione di serie di prototipi alla produzione di serie medio-grandi.[\/vc_column_text][\/vc_column][\/vc_row][vc_row full_width=&#8221;stretch_row&#8221; font_color=&#8221;#000000&#8243; css=&#8221;.vc_custom_1459238254364{background-color: #00a5a0 !important;}&#8221;][vc_column][vc_empty_space height=&#8221;60px&#8221;]<div class=\"testimonial fixed \"><blockquote class=&quot;no-image&quot;><p>Prodotto finale in un&#8217;unica sede<\/p><\/blockquote><h4><\/h4><\/div><!-- end .testimonial -->[vc_empty_space height=&#8221;15px&#8221;][\/vc_column][\/vc_row][vc_row css=&#8221;.vc_custom_1446116228380{margin-bottom: 70px !important;}&#8221;][vc_column width=&#8221;1\/2&#8243;]<div class=\"headline \"><h3>Dichiarazione della gestione<\/h3><\/div>[vc_column_text]ProPlace \u00e8 una giovane societ\u00e0 fondata nel 2012. La creazione ha portato alla decisione dei proprietari di aggiornare la produzione di circuiti stampati (Elgoline d.o.o., Intec Tiv d.o.o.) e, quindi, di raggiungere un maggiore valore aggiunto dei prodotti e un&#8217;offerta completa per i clienti.<\/p>\n<p>Fin dall&#8217;inizio abbiamo fissato un obiettivo di produzione per gli ordini pi\u00f9 complessi, abbiamo quindi acquistato attrezzature moderne. Siamo consapevoli che anche queste moderne attrezzature sarebbero inutilizzabili senza personale qualificato. Pertanto molta attenzione \u00e8 rivolta al reclutamento delle persone adatte e a una formazione continua.<\/p>\n<p>Alle sempre maggiori richieste dei clienti attuali e potenziali teniamo testa con soluzioni innovative e con il miglior servizio in termini di prezzo, qualit\u00e0 e tempi di consegna.<br \/>\n[\/vc_column_text][\/vc_column][vc_column width=&#8221;1\/2&#8243;]<div class=\"headline \"><\/div>[vc_column_text]La ricerca dell&#8217;eccellenza \u00e8 alla base della gestione della societ\u00e0 in tutti i settori e livelli, di conseguenza la societ\u00e0 ha ottenuto lo standard di qualit\u00e0 ISO 9001. La societ\u00e0 si preoccupa anche per l&#8217;ambiente: \u00e8 certificata ISO 14001.<\/p>\n<p>Con la nostra competenza, flessibilit\u00e0, efficienza e con gli investimenti nello sviluppo della gestione della serie di piccole e medie imprese vogliamo unirci alle migliori aziende sul mercato nazionale ed estero.<\/p>\n<p>Egregi soci d&#8217;affari, sono sicuro che riconoscerete il nostro potenziale grazie al quale potrete raggiungere sinergia e i risultati attesi delle vostre attivit\u00e0. Siamo orgogliosi del fatto che saremo anche noi protagonisti del vostro successo.<\/p>\n<p><u>Miro Levar, procuratore<\/u>[\/vc_column_text][\/vc_column][\/vc_row]<\/p>\n","protected":false},"excerpt":{"rendered":"<p>[vc_row css=&#8221;.vc_custom_1446116228380{margin-bottom: 70px !important;}&#8221;][vc_column width=&#8221;1\/2&#8243;][vc_column_text]Offrire una soluzione completa e di qualit\u00e0 nel campo dell&#8217;elettronica per soddisfare le esigenze e le aspettative dei partner commerciali e nella creazione, e rafforzare relazioni di partnership a lungo termine.[\/vc_column_text][\/vc_column][vc_column width=&#8221;1\/2&#8243;][vc_column_text]Diventare una delle aziende leader in Slovenia e nei paesi limitrofi che offrono soluzioni complete dalla sviluppo e produzione di [&hellip;]<\/p>\n","protected":false},"author":1,"featured_media":0,"parent":0,"menu_order":0,"comment_status":"closed","ping_status":"closed","template":"","meta":{"footnotes":""},"class_list":["post-1716","page","type-page","status-publish","hentry"],"_links":{"self":[{"href":"https:\/\/proplace.si\/index.php\/wp-json\/wp\/v2\/pages\/1716"}],"collection":[{"href":"https:\/\/proplace.si\/index.php\/wp-json\/wp\/v2\/pages"}],"about":[{"href":"https:\/\/proplace.si\/index.php\/wp-json\/wp\/v2\/types\/page"}],"author":[{"embeddable":true,"href":"https:\/\/proplace.si\/index.php\/wp-json\/wp\/v2\/users\/1"}],"replies":[{"embeddable":true,"href":"https:\/\/proplace.si\/index.php\/wp-json\/wp\/v2\/comments?post=1716"}],"version-history":[{"count":5,"href":"https:\/\/proplace.si\/index.php\/wp-json\/wp\/v2\/pages\/1716\/revisions"}],"predecessor-version":[{"id":1991,"href":"https:\/\/proplace.si\/index.php\/wp-json\/wp\/v2\/pages\/1716\/revisions\/1991"}],"wp:attachment":[{"href":"https:\/\/proplace.si\/index.php\/wp-json\/wp\/v2\/media?parent=1716"}],"curies":[{"name":"wp","href":"https:\/\/api.w.org\/{rel}","templated":true}]}}