{"id":1698,"date":"2016-08-03T09:42:14","date_gmt":"2016-08-03T09:42:14","guid":{"rendered":"http:\/\/proplace.si\/?page_id=1698"},"modified":"2016-09-06T12:41:43","modified_gmt":"2016-09-06T12:41:43","slug":"test-e-programmazione","status":"publish","type":"page","link":"https:\/\/proplace.si\/index.php\/it\/test-e-programmazione\/","title":{"rendered":"Test e programmazione"},"content":{"rendered":"<p>[vc_row][vc_column width=&#8221;2\/3&#8243;][vc_single_image image=&#8221;1879&#8243; img_size=&#8221;large&#8221;][\/vc_column][vc_column width=&#8221;1\/3&#8243;][vc_column_text]Il dispositivo di prova pu\u00f2 essere consegnato dal cliente o sviluppato da Proplace. I prodotti possono essere testati gi\u00e0 in fase di produzione come pannello completo o come prodotti finiti gi\u00e0 installati nel telaio.[\/vc_column_text][\/vc_column][\/vc_row]<\/p>\n","protected":false},"excerpt":{"rendered":"<p>[vc_row][vc_column width=&#8221;2\/3&#8243;][vc_single_image image=&#8221;1879&#8243; img_size=&#8221;large&#8221;][\/vc_column][vc_column width=&#8221;1\/3&#8243;][vc_column_text]Il dispositivo di prova pu\u00f2 essere consegnato dal cliente o sviluppato da Proplace. I prodotti possono essere testati gi\u00e0 in fase di produzione come pannello completo o come prodotti finiti gi\u00e0 installati nel telaio.[\/vc_column_text][\/vc_column][\/vc_row]<\/p>\n","protected":false},"author":1,"featured_media":0,"parent":0,"menu_order":0,"comment_status":"closed","ping_status":"closed","template":"","meta":{"footnotes":""},"class_list":["post-1698","page","type-page","status-publish","hentry"],"_links":{"self":[{"href":"https:\/\/proplace.si\/index.php\/wp-json\/wp\/v2\/pages\/1698"}],"collection":[{"href":"https:\/\/proplace.si\/index.php\/wp-json\/wp\/v2\/pages"}],"about":[{"href":"https:\/\/proplace.si\/index.php\/wp-json\/wp\/v2\/types\/page"}],"author":[{"embeddable":true,"href":"https:\/\/proplace.si\/index.php\/wp-json\/wp\/v2\/users\/1"}],"replies":[{"embeddable":true,"href":"https:\/\/proplace.si\/index.php\/wp-json\/wp\/v2\/comments?post=1698"}],"version-history":[{"count":4,"href":"https:\/\/proplace.si\/index.php\/wp-json\/wp\/v2\/pages\/1698\/revisions"}],"predecessor-version":[{"id":1881,"href":"https:\/\/proplace.si\/index.php\/wp-json\/wp\/v2\/pages\/1698\/revisions\/1881"}],"wp:attachment":[{"href":"https:\/\/proplace.si\/index.php\/wp-json\/wp\/v2\/media?parent=1698"}],"curies":[{"name":"wp","href":"https:\/\/api.w.org\/{rel}","templated":true}]}}