{"id":1691,"date":"2016-08-03T09:38:32","date_gmt":"2016-08-03T09:38:32","guid":{"rendered":"http:\/\/proplace.si\/?page_id=1691"},"modified":"2016-09-05T11:58:51","modified_gmt":"2016-09-05T11:58:51","slug":"controllo-visuale","status":"publish","type":"page","link":"https:\/\/proplace.si\/index.php\/it\/controllo-visuale\/","title":{"rendered":"Controllo visuale"},"content":{"rendered":"<p>[vc_row][vc_column width=&#8221;1\/3&#8243;]<div class=\"headline \"><h3>Cyberoptics SQ3000<\/h3><\/div>[vc_column_text]La vera peculiarit\u00e0 tecnologica della nostra produzione \u00e8 la moderna Cyberoptics SQ3000, che con la pi\u00f9 recente tecnologia consente un controllo 3D pi\u00f9 veloce possibile. Il controllo pu\u00f2 essere effettuato con l&#8217;usuale esame cromatico microscopico del circuito stampato, che permette un maggiore controllo della qualit\u00e0 ed un flusso di lavoro pi\u00f9 veloce.<\/p>\n<p>&nbsp;<\/p>\n<p><strong>Inspezione visiva<\/strong><\/p>\n<p>L&#8217;ispezione visiva viene effettuata con i dispositivi AOI, che sono in grado di verificare la presenza di qualsiasi contatto, spostamento di componenti e altre irregolarit\u00e0 durante la posa.[\/vc_column_text][\/vc_column][vc_column width=&#8221;2\/3&#8243;][vc_single_image image=&#8221;1450&#8243; img_size=&#8221;large&#8221;][\/vc_column][\/vc_row]<\/p>\n","protected":false},"excerpt":{"rendered":"<p>[vc_row][vc_column width=&#8221;1\/3&#8243;][vc_column_text]La vera peculiarit\u00e0 tecnologica della nostra produzione \u00e8 la moderna Cyberoptics SQ3000, che con la pi\u00f9 recente tecnologia consente un controllo 3D pi\u00f9 veloce possibile. Il controllo pu\u00f2 essere effettuato con l&#8217;usuale esame cromatico microscopico del circuito stampato, che permette un maggiore controllo della qualit\u00e0 ed un flusso di lavoro pi\u00f9 veloce. &nbsp; Inspezione [&hellip;]<\/p>\n","protected":false},"author":1,"featured_media":0,"parent":0,"menu_order":0,"comment_status":"closed","ping_status":"closed","template":"","meta":{"footnotes":""},"class_list":["post-1691","page","type-page","status-publish","hentry"],"_links":{"self":[{"href":"https:\/\/proplace.si\/index.php\/wp-json\/wp\/v2\/pages\/1691"}],"collection":[{"href":"https:\/\/proplace.si\/index.php\/wp-json\/wp\/v2\/pages"}],"about":[{"href":"https:\/\/proplace.si\/index.php\/wp-json\/wp\/v2\/types\/page"}],"author":[{"embeddable":true,"href":"https:\/\/proplace.si\/index.php\/wp-json\/wp\/v2\/users\/1"}],"replies":[{"embeddable":true,"href":"https:\/\/proplace.si\/index.php\/wp-json\/wp\/v2\/comments?post=1691"}],"version-history":[{"count":5,"href":"https:\/\/proplace.si\/index.php\/wp-json\/wp\/v2\/pages\/1691\/revisions"}],"predecessor-version":[{"id":1926,"href":"https:\/\/proplace.si\/index.php\/wp-json\/wp\/v2\/pages\/1691\/revisions\/1926"}],"wp:attachment":[{"href":"https:\/\/proplace.si\/index.php\/wp-json\/wp\/v2\/media?parent=1691"}],"curies":[{"name":"wp","href":"https:\/\/api.w.org\/{rel}","templated":true}]}}